{"id":1553,"date":"2020-03-12T14:21:47","date_gmt":"2020-03-12T17:21:47","guid":{"rendered":"https:\/\/brazilts.com.br\/temp\/?page_id=1553"},"modified":"2020-03-20T16:30:27","modified_gmt":"2020-03-20T19:30:27","slug":"traducao-juramentada","status":"publish","type":"page","link":"https:\/\/www.brazilts.com.br\/blog\/traducao-juramentada\/","title":{"rendered":"Tradu\u00e7\u00e3o Juramentada"},"content":{"rendered":"<p><a href=\"https:\/\/brazilts.com.br\/temp\/\" data-elementor-open-lightbox=\"\"><br \/>\n\t\t\t\t\t\t\t<img loading=\"lazy\" width=\"18\" height=\"12\" src=\"https:\/\/www.brazilts.com.br\/temp\/wp-content\/uploads\/2019\/05\/pt-br.png\" alt=\"Brazil Translations\" \/>\t\t\t\t\t\t\t\t<\/a><br \/>\n\t\t\t\t\t\t\t\t\t\t\t<a href=\"https:\/\/brazilts.com.br\/temp\/index.php\/home-en\/\" data-elementor-open-lightbox=\"\"><br \/>\n\t\t\t\t\t\t\t<img loading=\"lazy\" width=\"18\" height=\"12\" src=\"https:\/\/www.brazilts.com.br\/temp\/wp-content\/uploads\/2019\/05\/en.png\" alt=\"EN\" \/>\t\t\t\t\t\t\t\t<\/a><br \/>\n\t\t\t\t\t\t\t\t\t\t\t<a href=\"https:\/\/brazilts.com.br\/temp\/index.php\/home-es\/\" data-elementor-open-lightbox=\"\"><br \/>\n\t\t\t\t\t\t\t<img loading=\"lazy\" width=\"18\" height=\"12\" src=\"https:\/\/www.brazilts.com.br\/temp\/wp-content\/uploads\/2019\/05\/es.png\" alt=\"ES\" \/>\t\t\t\t\t\t\t\t<\/a><br \/>\n\t\t\t\t\t\t\t<a href=\"https:\/\/www.facebook.com\/BrazilTranslations\" target=\"_blank\" rel=\"noopener noreferrer\"><br \/>\n\t\t\t\t\tFacebook<br \/>\n\t\t\t\t\t\t\t\t\t<\/a><br \/>\n\t\t\t\t\t\t\t<a href=\"https:\/\/twitter.com\/brazilts\" target=\"_blank\" rel=\"noopener noreferrer\"><br \/>\n\t\t\t\t\tTwitter<br \/>\n\t\t\t\t\t\t\t\t\t<\/a><br \/>\n\t\t\t\t\t\t\t<a href=\"https:\/\/www.linkedin.com\/in\/brazil-translations-solutions-0293037b\/\" target=\"_blank\" rel=\"noopener noreferrer\"><br \/>\n\t\t\t\t\tLinkedin<br \/>\n\t\t\t\t\t\t\t\t\t<\/a><br \/>\n\t\t\t\t\t\t\t\t\t\t<img loading=\"lazy\" width=\"40\" height=\"30\" src=\"https:\/\/www.brazilts.com.br\/temp\/wp-content\/uploads\/2019\/09\/ohub-1.png\" alt=\"Brazil Translations\" \/>\t\t\t\t\t\t\t\t\t\t\t<\/p>\n<h1>Tradu\u00e7\u00e3o Juramentada<\/h1>\n<p>\t\t\t\t\t\t\t\t\t\t<img loading=\"lazy\" width=\"512\" height=\"341\" src=\"https:\/\/www.brazilts.com.br\/temp\/wp-content\/uploads\/2020\/03\/Tradutor-juramentado-e-a-sua-relev\u00e2ncia-em-diversos-pa\u00edses-1-min.jpg\" alt=\"Tradutor juramentado e a sua relev\u00e2ncia em diversos pa\u00edses\" srcset=\"https:\/\/www.brazilts.com.br\/temp\/wp-content\/uploads\/2020\/03\/Tradutor-juramentado-e-a-sua-relev\u00e2ncia-em-diversos-pa\u00edses-1-min.jpg 512w, https:\/\/www.brazilts.com.br\/temp\/wp-content\/uploads\/2020\/03\/Tradutor-juramentado-e-a-sua-relev\u00e2ncia-em-diversos-pa\u00edses-1-min-300x200.jpg 300w\" sizes=\"(max-width: 512px) 100vw, 512px\" \/>\t\t\t\t\t\t\t\t\t\t\t<\/p>\n<p>\u00c0 procura do melhor e mais completo servi\u00e7o de Tradu\u00e7\u00e3o Juramentada? Ent\u00e3o, fique \u00e0 vontade, pois aqui \u00e9 o lugar certo.\u00a0 N\u00f3s da Brazil Translation somos uma das mais renomadas e respeitadas empresas do ramo, atuando h\u00e1 mais de 15 anos com profissionalismo, precis\u00e3o e \u00e9tica, oferecendo solu\u00e7\u00f5es lingu\u00edsticas com a mais alta qualidade, de forma a atender as necessidades dos nossos clientes. Agora que j\u00e1 conhece um pouco sobre a gente, chegou a hora de falarmos mais sobre a tradu\u00e7\u00e3o juramentada e sua import\u00e2ncia.\u00a0<\/p>\n<h2>A maior e mais completa tradu\u00e7\u00e3o juramentada est\u00e1 aqui na Brazil Translations<\/h2>\n<p>O servi\u00e7o de tradu\u00e7\u00e3o juramentada \u00e9 extremamente importante, uma vez que, no Brasil, somente esse tipo de tradu\u00e7\u00e3o \u00e9 reconhecida oficialmente por institui\u00e7\u00f5es p\u00fablicas como documento legal.<\/p>\n<h2>Por esse motivo, \u00e9 muito importante escolher uma empresa capaz de atender suas necessidades com efici\u00eancia. \u00c9 justamente nesse momento que n\u00f3s da Brazil Translations entramos em a\u00e7\u00e3o, oferecendo um servi\u00e7o completo e \u00e0 altura das suas demandas. N\u00e3o \u00e0 toa, somos uma empresa certificada pela norma ISO 9001:2015, que assegura um trabalho com padr\u00e3o de qualidade acima da m\u00e9dia.\u00a0<br \/><\/h2>\n<p>Al\u00e9m de realizarmos o trabalho de tradu\u00e7\u00e3o juramentada, n\u00f3s da Brazil Translations colocamos \u00e0 disposi\u00e7\u00e3o dos clientes outros servi\u00e7os, tais como:<\/p>\n<ul>\n<li>Tradu\u00e7\u00e3o Cient\u00edfica;<\/li>\n<li>Tradu\u00e7\u00e3o em Libras;<\/li>\n<li>Interpreta\u00e7\u00e3o Simult\u00e2nea;<\/li>\n<li>Interpreta\u00e7\u00e3o Consecutiva;<\/li>\n<li>Transcri\u00e7\u00e3o de \u00c1udio e V\u00eddeo;<\/li>\n<li>Legendagem de V\u00eddeo;<\/li>\n<li>Loca\u00e7\u00e3o de equipamentos de Tradu\u00e7\u00e3o.\u00a0<\/li>\n<\/ul>\n<p>Somente uma empresa com mais de 150 profissionais especializados em mais de 30 idiomas \u00e9 capaz de atender sua demanda. Portanto, sempre que precisar de tradu\u00e7\u00e3o juramentada, conte com a Brazil Translations.\u00a0<\/p>\n<h2>Somos a solu\u00e7\u00e3o em tradu\u00e7\u00e3o juramentada que voc\u00ea busca<\/h2>\n<p>Caso tenha alguma d\u00favida a respeito da nossa tradu\u00e7\u00e3o juramentada, fique \u00e0 vontade para entrar em contato conosco. Nossa equipe prontamente responder\u00e1 todos os eventuais questionamentos acerca do nosso trabalho.\u00a0<\/p>\n<p>Ent\u00e3o, agora que j\u00e1 conhece mais sobre nosso servi\u00e7o, solicite um or\u00e7amento e comece a traduzir com qualidade, precis\u00e3o, agilidade e, sobretudo, profissionalismo.\u00a0<\/p>\n<h2>Entre em contato<\/h2>\n<h2><strong>+55 (11) 3295-2888<\/strong><\/h2>\n<p>\t\t\t\t\t\t\t<a href=\"https:\/\/www.facebook.com\/BrazilTranslations\" target=\"_blank\" rel=\"noopener noreferrer\"><br \/>\n\t\t\t\t\tFacebook<br \/>\n\t\t\t\t\t\t\t\t\t<\/a><br \/>\n\t\t\t\t\t\t\t<a href=\"https:\/\/twitter.com\/brazilts\" target=\"_blank\" rel=\"noopener noreferrer\"><br \/>\n\t\t\t\t\tTwitter<br \/>\n\t\t\t\t\t\t\t\t\t<\/a><br \/>\n\t\t\t\t\t\t\t<a href=\"https:\/\/www.linkedin.com\/in\/brazil-translations-solutions-0293037b\/\" target=\"_blank\" rel=\"noopener noreferrer\"><br \/>\n\t\t\t\t\tLinkedin<br \/>\n\t\t\t\t\t\t\t\t\t<\/a><\/p>\n","protected":false},"excerpt":{"rendered":"<p>Facebook Twitter Linkedin Tradu\u00e7\u00e3o Juramentada \u00c0 procura do melhor e mais completo servi\u00e7o de Tradu\u00e7\u00e3o Juramentada? Ent\u00e3o, fique \u00e0 vontade, pois aqui \u00e9 o lugar certo.\u00a0 N\u00f3s da Brazil Translation somos uma das mais renomadas e respeitadas empresas do ramo, atuando h\u00e1 mais de 15 anos com profissionalismo, precis\u00e3o e \u00e9tica, oferecendo solu\u00e7\u00f5es lingu\u00edsticas com &hellip; <\/p>\n","protected":false},"author":1,"featured_media":0,"parent":0,"menu_order":0,"comment_status":"closed","ping_status":"closed","template":"elementor_canvas","meta":[],"yoast_head":"<!-- This site is optimized with the Yoast SEO plugin v19.13 - https:\/\/yoast.com\/wordpress\/plugins\/seo\/ -->\n<title>Tradu\u00e7\u00e3o Juramentada - Brazil Translations<\/title>\n<meta name=\"description\" content=\"Sua busca \u00e9 por Tradu\u00e7\u00e3o Juramentada? A Brazil Translations oferece qualidade, pre\u00e7o baixo e \u00f3timos profissionais para te auxiliar na melhor escolha!\" \/>\n<meta name=\"robots\" content=\"index, follow, max-snippet:-1, max-image-preview:large, max-video-preview:-1\" \/>\n<link rel=\"canonical\" href=\"https:\/\/www.brazilts.com.br\/blog\/traducao-juramentada\/\" \/>\n<meta property=\"og:locale\" content=\"pt_BR\" \/>\n<meta property=\"og:type\" content=\"article\" \/>\n<meta property=\"og:title\" content=\"Tradu\u00e7\u00e3o Juramentada - Brazil Translations\" \/>\n<meta property=\"og:description\" content=\"Sua busca \u00e9 por Tradu\u00e7\u00e3o Juramentada? A Brazil Translations oferece qualidade, pre\u00e7o baixo e \u00f3timos profissionais para te auxiliar na melhor escolha!\" \/>\n<meta property=\"og:url\" content=\"https:\/\/www.brazilts.com.br\/blog\/traducao-juramentada\/\" \/>\n<meta property=\"og:site_name\" content=\"Brazil Translations\" \/>\n<meta property=\"article:modified_time\" content=\"2020-03-20T19:30:27+00:00\" \/>\n<meta property=\"og:image\" content=\"https:\/\/www.brazilts.com.br\/temp\/wp-content\/uploads\/2019\/05\/pt-br.png\" \/>\n<meta name=\"twitter:card\" content=\"summary_large_image\" \/>\n<meta name=\"twitter:label1\" content=\"Est. tempo de leitura\" \/>\n\t<meta name=\"twitter:data1\" content=\"2 minutos\" \/>\n<script type=\"application\/ld+json\" class=\"yoast-schema-graph\">{\"@context\":\"https:\/\/schema.org\",\"@graph\":[{\"@type\":\"WebPage\",\"@id\":\"https:\/\/www.brazilts.com.br\/blog\/traducao-juramentada\/\",\"url\":\"https:\/\/www.brazilts.com.br\/blog\/traducao-juramentada\/\",\"name\":\"Tradu\u00e7\u00e3o Juramentada - Brazil Translations\",\"isPartOf\":{\"@id\":\"https:\/\/www.brazilts.com.br\/blog\/#website\"},\"datePublished\":\"2020-03-12T17:21:47+00:00\",\"dateModified\":\"2020-03-20T19:30:27+00:00\",\"description\":\"Sua busca \u00e9 por Tradu\u00e7\u00e3o Juramentada? A Brazil Translations oferece qualidade, pre\u00e7o baixo e \u00f3timos profissionais para te auxiliar na melhor escolha!\",\"breadcrumb\":{\"@id\":\"https:\/\/www.brazilts.com.br\/blog\/traducao-juramentada\/#breadcrumb\"},\"inLanguage\":\"pt-BR\",\"potentialAction\":[{\"@type\":\"ReadAction\",\"target\":[\"https:\/\/www.brazilts.com.br\/blog\/traducao-juramentada\/\"]}]},{\"@type\":\"BreadcrumbList\",\"@id\":\"https:\/\/www.brazilts.com.br\/blog\/traducao-juramentada\/#breadcrumb\",\"itemListElement\":[{\"@type\":\"ListItem\",\"position\":1,\"name\":\"In\u00edcio\",\"item\":\"https:\/\/www.brazilts.com.br\/blog\/\"},{\"@type\":\"ListItem\",\"position\":2,\"name\":\"Tradu\u00e7\u00e3o Juramentada\"}]},{\"@type\":\"WebSite\",\"@id\":\"https:\/\/www.brazilts.com.br\/blog\/#website\",\"url\":\"https:\/\/www.brazilts.com.br\/blog\/\",\"name\":\"Brazil Translations\",\"description\":\"Blog  - Brazil Translations\",\"publisher\":{\"@id\":\"https:\/\/www.brazilts.com.br\/blog\/#organization\"},\"potentialAction\":[{\"@type\":\"SearchAction\",\"target\":{\"@type\":\"EntryPoint\",\"urlTemplate\":\"https:\/\/www.brazilts.com.br\/blog\/?s={search_term_string}\"},\"query-input\":\"required name=search_term_string\"}],\"inLanguage\":\"pt-BR\"},{\"@type\":\"Organization\",\"@id\":\"https:\/\/www.brazilts.com.br\/blog\/#organization\",\"name\":\"Brazil Translations\",\"url\":\"https:\/\/www.brazilts.com.br\/blog\/\",\"logo\":{\"@type\":\"ImageObject\",\"inLanguage\":\"pt-BR\",\"@id\":\"https:\/\/www.brazilts.com.br\/blog\/#\/schema\/logo\/image\/\",\"url\":\"https:\/\/www.brazilts.com.br\/blog\/wp-content\/uploads\/2026\/01\/logo-1-3.png\",\"contentUrl\":\"https:\/\/www.brazilts.com.br\/blog\/wp-content\/uploads\/2026\/01\/logo-1-3.png\",\"width\":1988,\"height\":1080,\"caption\":\"Brazil Translations\"},\"image\":{\"@id\":\"https:\/\/www.brazilts.com.br\/blog\/#\/schema\/logo\/image\/\"}}]}<\/script>\n<!-- \/ Yoast SEO plugin. -->","yoast_head_json":{"title":"Tradu\u00e7\u00e3o Juramentada - Brazil Translations","description":"Sua busca \u00e9 por Tradu\u00e7\u00e3o Juramentada? A Brazil Translations oferece qualidade, pre\u00e7o baixo e \u00f3timos profissionais para te auxiliar na melhor escolha!","robots":{"index":"index","follow":"follow","max-snippet":"max-snippet:-1","max-image-preview":"max-image-preview:large","max-video-preview":"max-video-preview:-1"},"canonical":"https:\/\/www.brazilts.com.br\/blog\/traducao-juramentada\/","og_locale":"pt_BR","og_type":"article","og_title":"Tradu\u00e7\u00e3o Juramentada - Brazil Translations","og_description":"Sua busca \u00e9 por Tradu\u00e7\u00e3o Juramentada? A Brazil Translations oferece qualidade, pre\u00e7o baixo e \u00f3timos profissionais para te auxiliar na melhor escolha!","og_url":"https:\/\/www.brazilts.com.br\/blog\/traducao-juramentada\/","og_site_name":"Brazil Translations","article_modified_time":"2020-03-20T19:30:27+00:00","og_image":[{"url":"https:\/\/www.brazilts.com.br\/temp\/wp-content\/uploads\/2019\/05\/pt-br.png"}],"twitter_card":"summary_large_image","twitter_misc":{"Est. tempo de leitura":"2 minutos"},"schema":{"@context":"https:\/\/schema.org","@graph":[{"@type":"WebPage","@id":"https:\/\/www.brazilts.com.br\/blog\/traducao-juramentada\/","url":"https:\/\/www.brazilts.com.br\/blog\/traducao-juramentada\/","name":"Tradu\u00e7\u00e3o Juramentada - Brazil Translations","isPartOf":{"@id":"https:\/\/www.brazilts.com.br\/blog\/#website"},"datePublished":"2020-03-12T17:21:47+00:00","dateModified":"2020-03-20T19:30:27+00:00","description":"Sua busca \u00e9 por Tradu\u00e7\u00e3o Juramentada? A Brazil Translations oferece qualidade, pre\u00e7o baixo e \u00f3timos profissionais para te auxiliar na melhor escolha!","breadcrumb":{"@id":"https:\/\/www.brazilts.com.br\/blog\/traducao-juramentada\/#breadcrumb"},"inLanguage":"pt-BR","potentialAction":[{"@type":"ReadAction","target":["https:\/\/www.brazilts.com.br\/blog\/traducao-juramentada\/"]}]},{"@type":"BreadcrumbList","@id":"https:\/\/www.brazilts.com.br\/blog\/traducao-juramentada\/#breadcrumb","itemListElement":[{"@type":"ListItem","position":1,"name":"In\u00edcio","item":"https:\/\/www.brazilts.com.br\/blog\/"},{"@type":"ListItem","position":2,"name":"Tradu\u00e7\u00e3o Juramentada"}]},{"@type":"WebSite","@id":"https:\/\/www.brazilts.com.br\/blog\/#website","url":"https:\/\/www.brazilts.com.br\/blog\/","name":"Brazil Translations","description":"Blog  - Brazil Translations","publisher":{"@id":"https:\/\/www.brazilts.com.br\/blog\/#organization"},"potentialAction":[{"@type":"SearchAction","target":{"@type":"EntryPoint","urlTemplate":"https:\/\/www.brazilts.com.br\/blog\/?s={search_term_string}"},"query-input":"required name=search_term_string"}],"inLanguage":"pt-BR"},{"@type":"Organization","@id":"https:\/\/www.brazilts.com.br\/blog\/#organization","name":"Brazil Translations","url":"https:\/\/www.brazilts.com.br\/blog\/","logo":{"@type":"ImageObject","inLanguage":"pt-BR","@id":"https:\/\/www.brazilts.com.br\/blog\/#\/schema\/logo\/image\/","url":"https:\/\/www.brazilts.com.br\/blog\/wp-content\/uploads\/2026\/01\/logo-1-3.png","contentUrl":"https:\/\/www.brazilts.com.br\/blog\/wp-content\/uploads\/2026\/01\/logo-1-3.png","width":1988,"height":1080,"caption":"Brazil Translations"},"image":{"@id":"https:\/\/www.brazilts.com.br\/blog\/#\/schema\/logo\/image\/"}}]}},"_links":{"self":[{"href":"https:\/\/www.brazilts.com.br\/blog\/wp-json\/wp\/v2\/pages\/1553"}],"collection":[{"href":"https:\/\/www.brazilts.com.br\/blog\/wp-json\/wp\/v2\/pages"}],"about":[{"href":"https:\/\/www.brazilts.com.br\/blog\/wp-json\/wp\/v2\/types\/page"}],"author":[{"embeddable":true,"href":"https:\/\/www.brazilts.com.br\/blog\/wp-json\/wp\/v2\/users\/1"}],"replies":[{"embeddable":true,"href":"https:\/\/www.brazilts.com.br\/blog\/wp-json\/wp\/v2\/comments?post=1553"}],"version-history":[{"count":14,"href":"https:\/\/www.brazilts.com.br\/blog\/wp-json\/wp\/v2\/pages\/1553\/revisions"}],"predecessor-version":[{"id":1833,"href":"https:\/\/www.brazilts.com.br\/blog\/wp-json\/wp\/v2\/pages\/1553\/revisions\/1833"}],"wp:attachment":[{"href":"https:\/\/www.brazilts.com.br\/blog\/wp-json\/wp\/v2\/media?parent=1553"}],"curies":[{"name":"wp","href":"https:\/\/api.w.org\/{rel}","templated":true}]}}